{"id":3,"date":"2023-02-24T10:14:18","date_gmt":"2023-02-24T09:14:18","guid":{"rendered":"https:\/\/klartext-staging.at\/cordolina\/?page_id=3"},"modified":"2023-06-14T10:59:07","modified_gmt":"2023-06-14T08:59:07","slug":"datenschutzerklaerung","status":"publish","type":"page","link":"https:\/\/klartext-staging.at\/cordolina\/datenschutzerklaerung\/","title":{"rendered":"Datenschutzerkl\u00e4rung"},"content":{"rendered":"<div class=\"fusion-fullwidth fullwidth-box fusion-builder-row-1 fusion-flex-container nonhundred-percent-fullwidth non-hundred-percent-height-scrolling\" style=\"--awb-border-radius-top-left:0px;--awb-border-radius-top-right:0px;--awb-border-radius-bottom-right:0px;--awb-border-radius-bottom-left:0px;--awb-flex-wrap:wrap;\" ><div class=\"fusion-builder-row fusion-row fusion-flex-align-items-flex-start fusion-flex-content-wrap\" style=\"max-width:1419.6px;margin-left: calc(-4% \/ 2 );margin-right: calc(-4% \/ 2 );\"><div class=\"fusion-layout-column fusion_builder_column fusion-builder-column-0 fusion_builder_column_1_1 1_1 fusion-flex-column\" style=\"--awb-bg-size:cover;--awb-width-large:100%;--awb-margin-top-large:0px;--awb-spacing-right-large:1.92%;--awb-margin-bottom-large:0px;--awb-spacing-left-large:1.92%;--awb-width-medium:100%;--awb-spacing-right-medium:1.92%;--awb-spacing-left-medium:1.92%;--awb-width-small:100%;--awb-spacing-right-small:1.92%;--awb-spacing-left-small:1.92%;\"><div class=\"fusion-column-wrapper fusion-flex-justify-content-flex-start fusion-content-layout-column\"><div class=\"fusion-title title fusion-title-1 fusion-sep-none fusion-title-text fusion-title-size-one\"><h1 class=\"fusion-title-heading title-heading-left fusion-responsive-typography-calculated\" style=\"font-family:&quot;Open Sans&quot;;font-style:normal;font-weight:400;margin:0;--fontSize:65;line-height:var(--awb-typography1-line-height);\">Datenschutz\u00aderkl\u00e4rung<\/h1><\/div><div class=\"fusion-text fusion-text-1\"><h2>Erkl\u00e4rung zur Informationspflicht<\/h2>\n<p>Der Schutz Ihrer pers\u00f6nlichen Daten ist uns ein besonderes Anliegen. Wir verarbeiten Ihre Daten daher ausschlie\u00dflich auf Grundlage der gesetzlichen Bestimmungen (DSGVO, TKG 2003). In diesen Datenschutzinformationen informieren wir Sie \u00fcber die wichtigsten Aspekte der Datenverarbeitung im Rahmen unserer Website.<\/p>\n<h2>Kontakt mit uns<\/h2>\n<p>Wenn Sie per Formular auf der Website oder per E-Mail Kontakt mit uns aufnehmen, werden Ihre angegebenen Daten zwecks Bearbeitung der Anfrage und f\u00fcr den Fall von Anschlussfragen zw\u00f6lf Monate bei uns gespeichert. Diese Daten geben wir nicht ohne Ihre Einwilligung weiter.<\/p>\n<h2>Datenspeicherung<\/h2>\n<p>Es werden zum Zweck der Vertragsabwicklung folgende Daten bei uns gespeichert:<br \/>\nArten der verarbeiteten Daten:<br \/>\n\u2013 Bestandsdaten (z.B., Namen, Adressen).<br \/>\n\u2013 Kontaktdaten (z.B., E-Mail, Telefonnummern).<br \/>\n\u2013 Inhaltsdaten (z.B., Texteingaben, Fotografien, Videos).<\/p>\n<h2>Zweck der Verarbeitung<\/h2>\n<p>\u2013 Zurverf\u00fcgungstellung des Onlineangebotes, seiner Funktionen und Inhalte<br \/>\n\u2013 Beantwortung von Kontaktanfragen und Kommunikation mit Nutzern<\/p>\n<p>Die von Ihnen bereit gestellten Daten sind zur Vertragserf\u00fcllung bzw zur Durchf\u00fchrung vorvertraglicher Ma\u00dfnahmen erforderlich. Ohne diese Daten k\u00f6nnen wir den Vertrag mit Ihnen nicht abschlie\u00dfen. Eine Daten\u00fcbermittlung an Dritte erfolgt nicht, mit Ausnahme der Transportunternehmen\/Versandunternehmen zur Zustellung der Ware sowie an unseren Steuerberater zur Erf\u00fcllung unserer steuerrechtlichen Verpflichtungen.<br \/>\nNach Abbruch des Einkaufsvorganges werden die bei uns gespeicherten Daten gel\u00f6scht. Im Falle eines Vertragsabschlusses werden s\u00e4mtliche Daten aus dem Vertragsverh\u00e4ltnis bis zum Ablauf der steuerrechtlichen Aufbewahrungsfrist (7 Jahre) gespeichert. Die Daten Name, Anschrift, gekaufte Waren und Kaufdatum werden dar\u00fcber hinaus bis zum Ablauf der Produkthaftung (10 Jahre) gespeichert. Die Datenverarbeitung erfolgt auf Basis der gesetzlichen Bestimmungen des \u00a7 96 Abs 3 TKG sowie des Art 6 Abs 1 lit a (Einwilligung) und\/oder lit b (notwendig zur Vertragserf\u00fcllung) der DSGVO.<\/p>\n<\/div><\/div><\/div><\/div><\/div>\n","protected":false},"excerpt":{"rendered":"","protected":false},"author":4,"featured_media":0,"parent":0,"menu_order":0,"comment_status":"closed","ping_status":"open","template":"","meta":{"footnotes":""},"class_list":["post-3","page","type-page","status-publish","hentry"],"_links":{"self":[{"href":"https:\/\/klartext-staging.at\/cordolina\/wp-json\/wp\/v2\/pages\/3","targetHints":{"allow":["GET"]}}],"collection":[{"href":"https:\/\/klartext-staging.at\/cordolina\/wp-json\/wp\/v2\/pages"}],"about":[{"href":"https:\/\/klartext-staging.at\/cordolina\/wp-json\/wp\/v2\/types\/page"}],"author":[{"embeddable":true,"href":"https:\/\/klartext-staging.at\/cordolina\/wp-json\/wp\/v2\/users\/4"}],"replies":[{"embeddable":true,"href":"https:\/\/klartext-staging.at\/cordolina\/wp-json\/wp\/v2\/comments?post=3"}],"version-history":[{"count":4,"href":"https:\/\/klartext-staging.at\/cordolina\/wp-json\/wp\/v2\/pages\/3\/revisions"}],"predecessor-version":[{"id":3266,"href":"https:\/\/klartext-staging.at\/cordolina\/wp-json\/wp\/v2\/pages\/3\/revisions\/3266"}],"wp:attachment":[{"href":"https:\/\/klartext-staging.at\/cordolina\/wp-json\/wp\/v2\/media?parent=3"}],"curies":[{"name":"wp","href":"https:\/\/api.w.org\/{rel}","templated":true}]}}

Datenschutzerklärung

<div class="fusion-fullwidth fullwidth-box fusion-builder-row-1 fusion-flex-container nonhundred-percent-fullwidth non-hundred-percent-height-scrolling" style="--awb-border-radius-top-left:0px;--awb-border-radius-top-right:0px;--awb-border-radius-bottom-right:0px;--awb-border-radius-bottom-left:0px;--awb-flex-wrap:wrap;" ><div class="fusion-builder-row fusion-row fusion-flex-align-items-flex-start fusion-flex-content-wrap" style="max-width:1419.6px;margin-left: calc(-4% / 2 );margin-right: calc(-4% / 2 );"><div class="fusion-layout-column fusion_builder_column fusion-builder-column-0 fusion_builder_column_1_1 1_1 fusion-flex-column" style="--awb-bg-size:cover;--awb-width-large:100%;--awb-margin-top-large:0px;--awb-spacing-right-large:1.92%;--awb-margin-bottom-large:0px;--awb-spacing-left-large:1.92%;--awb-width-medium:100%;--awb-spacing-right-medium:1.92%;--awb-spacing-left-medium:1.92%;--awb-width-small:100%;--awb-spacing-right-small:1.92%;--awb-spacing-left-small:1.92%;"><div class="fusion-column-wrapper fusion-flex-justify-content-flex-start fusion-content-layout-column"><div class="fusion-title title fusion-title-1 fusion-sep-none fusion-title-text fusion-title-size-one"><h1 class="fusion-title-heading title-heading-left fusion-responsive-typography-calculated" style="font-family:&quot;Open Sans&quot;;font-style:normal;font-weight:400;margin:0;--fontSize:65;line-height:var(--awb-typography1-line-height);">Datenschutz­erklärung</h1></div><div class="fusion-text fusion-text-1"><h2>Erklärung zur Informationspflicht</h2>
<p>Der Schutz Ihrer persönlichen Daten ist uns ein besonderes Anliegen. Wir verarbeiten Ihre Daten daher ausschließlich auf Grundlage der gesetzlichen Bestimmungen (DSGVO, TKG 2003). In diesen Datenschutzinformationen informieren wir Sie über die wichtigsten Aspekte der Datenverarbeitung im Rahmen unserer Website.</p>
<h2>Kontakt mit uns</h2>
<p>Wenn Sie per Formular auf der Website oder per E-Mail Kontakt mit uns aufnehmen, werden Ihre angegebenen Daten zwecks Bearbeitung der Anfrage und für den Fall von Anschlussfragen zwölf Monate bei uns gespeichert. Diese Daten geben wir nicht ohne Ihre Einwilligung weiter.</p>
<h2>Datenspeicherung</h2>
<p>Es werden zum Zweck der Vertragsabwicklung folgende Daten bei uns gespeichert:<br />
Arten der verarbeiteten Daten:<br />
– Bestandsdaten (z.B., Namen, Adressen).<br />
– Kontaktdaten (z.B., E-Mail, Telefonnummern).<br />
– Inhaltsdaten (z.B., Texteingaben, Fotografien, Videos).</p>
<h2>Zweck der Verarbeitung</h2>
<p>– Zurverfügungstellung des Onlineangebotes, seiner Funktionen und Inhalte<br />
– Beantwortung von Kontaktanfragen und Kommunikation mit Nutzern</p>
<p>Die von Ihnen bereit gestellten Daten sind zur Vertragserfüllung bzw zur Durchführung vorvertraglicher Maßnahmen erforderlich. Ohne diese Daten können wir den Vertrag mit Ihnen nicht abschließen. Eine Datenübermittlung an Dritte erfolgt nicht, mit Ausnahme der Transportunternehmen/Versandunternehmen zur Zustellung der Ware sowie an unseren Steuerberater zur Erfüllung unserer steuerrechtlichen Verpflichtungen.<br />
Nach Abbruch des Einkaufsvorganges werden die bei uns gespeicherten Daten gelöscht. Im Falle eines Vertragsabschlusses werden sämtliche Daten aus dem Vertragsverhältnis bis zum Ablauf der steuerrechtlichen Aufbewahrungsfrist (7 Jahre) gespeichert. Die Daten Name, Anschrift, gekaufte Waren und Kaufdatum werden darüber hinaus bis zum Ablauf der Produkthaftung (10 Jahre) gespeichert. Die Datenverarbeitung erfolgt auf Basis der gesetzlichen Bestimmungen des § 96 Abs 3 TKG sowie des Art 6 Abs 1 lit a (Einwilligung) und/oder lit b (notwendig zur Vertragserfüllung) der DSGVO.</p>
</div></div></div></div></div>
