{"id":3440,"date":"2024-01-01T18:56:57","date_gmt":"2024-01-01T17:56:57","guid":{"rendered":"https:\/\/klartext-staging.at\/cordolina\/?post_type=product&#038;p=3440"},"modified":"2024-08-13T15:47:42","modified_gmt":"2024-08-13T13:47:42","slug":"mf-buntes-kettenhalsband-2","status":"publish","type":"product","link":"https:\/\/klartext-staging.at\/cordolina\/produkt\/mf-buntes-kettenhalsband-2\/","title":{"rendered":"Buntes Kettenhalsband"},"content":{"rendered":"<p>Jetzt wirds bunt! Unsere farbigen Kettenhalsb\u00e4nder vereinen einfache Gebrauch und au\u00dfergew\u00f6hnliche Optik.<\/p>\n<p>Buntes Kettenhalsband langgliedrig<br \/>\n-L\u00e4nge und Farbe w\u00e4hlbar<br \/>\n-Materialst\u00e4rke: 4,00 mm, Stahl verchromt<br \/>\n-Gliedl\u00e4nge 52mm<br \/>\n-Splentring zum selbst anbringen inklusive (einstellen der Halsweite\u00a0&#8211; Nutzung ohne Zug)<\/p>\n","protected":false},"excerpt":{"rendered":"<p>Weitere Informationen:<\/p>\n<p>Wir weisen ausdr\u00fccklich darauf hin, dass eine Nutzung ohne Feststellen des Splentringes als Stopp nicht zul\u00e4ssig ist!<\/p>\n<p>Beachte jedoch:\u00a0Auch wenn eine Pulverbeschichtung grunds\u00e4tzlich sto\u00df-, kratz- und schlagfest ist, hat jedes Material seine Grenzen. So kann diese bei Belastung (zB. durch die mechanische Reibung der einzelnen Glieder aneinander) oder dauerhafter Nutzung besch\u00e4digt werden. Es entsteht ein &#8222;Used&#8220;-Look.\u00a0Bei Kettenhalsb\u00e4ndern besteht keine Garantie zur Haltbarkeitsdauer!<br \/>\nAufgrund des Beschichtungsprozesses entstehen an allen Stellen, die sich f\u00fcr gew\u00f6hnlich ber\u00fchren kleine Flecken, die silber bleiben. Das ist normal, nicht vermeidbar und kein R\u00fcckgabegrund!<br \/>\nSpezielle Beschl\u00e4ge (zB. Splentringe, Karabiner) bleiben aufgrund des Fertigungsprozesses silber!<strong><br \/>\n<\/strong><\/p>\n<p>Lieferzeit 3-4 Wochen<\/p>\n<p>Gr\u00f6\u00dfenfindung:<\/p>\n<p>F\u00fcr die Ermittlung der L\u00e4nge ist der Kopfumfang (nicht Halsumfang!) an der breitesten Stelle zu messen. Damit die Kette einfach wieder abnehmbar ist, sollten unbedingt je nach Hundegr\u00f6\u00dfe 3-5 cm zu diesem Wert addiert werden (z.B.: Kopfumfang 50 cm gemessen + 3 cm Puffer bei mittelgro\u00dfem Hund = 53 cm Halsweite bestellen).<\/p>\n","protected":false},"featured_media":3442,"template":"","meta":[],"product_brand":[],"product_cat":[53],"product_tag":[],"class_list":{"0":"post-3440","1":"product","2":"type-product","3":"status-publish","4":"has-post-thumbnail","6":"product_cat-halsbaender","8":"first","9":"instock","10":"taxable","11":"shipping-taxable","12":"purchasable","13":"product-type-simple"},"_links":{"self":[{"href":"https:\/\/klartext-staging.at\/cordolina\/wp-json\/wp\/v2\/product\/3440","targetHints":{"allow":["GET"]}}],"collection":[{"href":"https:\/\/klartext-staging.at\/cordolina\/wp-json\/wp\/v2\/product"}],"about":[{"href":"https:\/\/klartext-staging.at\/cordolina\/wp-json\/wp\/v2\/types\/product"}],"wp:featuredmedia":[{"embeddable":true,"href":"https:\/\/klartext-staging.at\/cordolina\/wp-json\/wp\/v2\/media\/3442"}],"wp:attachment":[{"href":"https:\/\/klartext-staging.at\/cordolina\/wp-json\/wp\/v2\/media?parent=3440"}],"wp:term":[{"taxonomy":"product_brand","embeddable":true,"href":"https:\/\/klartext-staging.at\/cordolina\/wp-json\/wp\/v2\/product_brand?post=3440"},{"taxonomy":"product_cat","embeddable":true,"href":"https:\/\/klartext-staging.at\/cordolina\/wp-json\/wp\/v2\/product_cat?post=3440"},{"taxonomy":"product_tag","embeddable":true,"href":"https:\/\/klartext-staging.at\/cordolina\/wp-json\/wp\/v2\/product_tag?post=3440"}],"curies":[{"name":"wp","href":"https:\/\/api.w.org\/{rel}","templated":true}]}}

<p>Jetzt wirds bunt! Unsere farbigen Kettenhalsbänder vereinen einfache Gebrauch und außergewöhnliche Optik.</p>
<p>Buntes Kettenhalsband langgliedrig<br />
-Länge und Farbe wählbar<br />
-Materialstärke: 4,00 mm, Stahl verchromt<br />
-Gliedlänge 52mm<br />
-Splentring zum selbst anbringen inklusive (einstellen der Halsweite &#8211; Nutzung ohne Zug)</p>

<p>Weitere Informationen:</p>
<p>Wir weisen ausdrücklich darauf hin, dass eine Nutzung ohne Feststellen des Splentringes als Stopp nicht zulässig ist!</p>
<p>Beachte jedoch: Auch wenn eine Pulverbeschichtung grundsätzlich stoß-, kratz- und schlagfest ist, hat jedes Material seine Grenzen. So kann diese bei Belastung (zB. durch die mechanische Reibung der einzelnen Glieder aneinander) oder dauerhafter Nutzung beschädigt werden. Es entsteht ein &#8222;Used&#8220;-Look. Bei Kettenhalsbändern besteht keine Garantie zur Haltbarkeitsdauer!<br />
Aufgrund des Beschichtungsprozesses entstehen an allen Stellen, die sich für gewöhnlich berühren kleine Flecken, die silber bleiben. Das ist normal, nicht vermeidbar und kein Rückgabegrund!<br />
Spezielle Beschläge (zB. Splentringe, Karabiner) bleiben aufgrund des Fertigungsprozesses silber!<strong><br />
</strong></p>
<p>Lieferzeit 3-4 Wochen</p>
<p>Größenfindung:</p>
<p>Für die Ermittlung der Länge ist der Kopfumfang (nicht Halsumfang!) an der breitesten Stelle zu messen. Damit die Kette einfach wieder abnehmbar ist, sollten unbedingt je nach Hundegröße 3-5 cm zu diesem Wert addiert werden (z.B.: Kopfumfang 50 cm gemessen + 3 cm Puffer bei mittelgroßem Hund = 53 cm Halsweite bestellen).</p>
