{"id":3446,"date":"2024-01-16T09:30:46","date_gmt":"2024-01-16T08:30:46","guid":{"rendered":"https:\/\/klartext-staging.at\/cordolina\/?post_type=product&#038;p=3446"},"modified":"2024-08-13T15:43:05","modified_gmt":"2024-08-13T13:43:05","slug":"mf-huetehund-3","status":"publish","type":"product","link":"https:\/\/klartext-staging.at\/cordolina\/produkt\/mf-huetehund-3\/","title":{"rendered":"MF H\u00fctehund 3"},"content":{"rendered":"<p>Die Drahtmaulk\u00f6rbe von Maulkorbfactory bieten einen hohen Tragekomfort und gen\u00fcgend Freiraum f\u00fcr deinen vierbeinigen Begleiter.<\/p>\n","protected":false},"excerpt":{"rendered":"<p>Weitere Informationen:<br \/>\nGeeignet f\u00fcr Border Collie, Australian Shepherd und Co, mit einer Schnauzenl\u00e4nge von 7-9cm und einem Schnauzenumfang von 23-26cm (grobe Richtwerte).<br \/>\nDie leicht angehobene Nasenpartie verhindert ein aufliegen auf dem Nasenschwamm.<br \/>\nDanatomisch vorgeformte Rundung der Seitenb\u00fcgel, passen sich gut den Wangen an.<br \/>\nEr hat besonders schmales Design f\u00fcr zarte Schnauzen.<\/p>\n<p>Wir weisen ausdr\u00fccklich darauf hin, dass beschichtete K\u00f6rbe oder bereits vom Kunden gebogene K\u00f6rbe vom Umtausch ausgeschlossen sind!<\/p>\n<p>Lieferzeit 4-5 Wochen<\/p>\n<p>Gr\u00f6\u00dfenfindung:<\/p>\n<table>\n<tbody>\n<tr>\n<td>Modell<\/td>\n<td>MF H\u00fctehund 3 lang<\/td>\n<td>MF H\u00fctehund 3 kurz<\/td>\n<\/tr>\n<tr>\n<td>L\u00e4nge inkl. Nasenpolster<\/td>\n<td>10,5cm<\/td>\n<td>8,5cm<\/td>\n<\/tr>\n<tr>\n<td>Innenumfang<\/td>\n<td>38cm<\/td>\n<td>38cm<\/td>\n<\/tr>\n<tr>\n<td>Breite<\/td>\n<td>9,5cm<\/td>\n<td>9,5cm<\/td>\n<\/tr>\n<tr>\n<td>H\u00f6he vorn<\/td>\n<td>15cm<\/td>\n<td>15cm<\/td>\n<\/tr>\n<tr>\n<td>H\u00f6he offene Seite<\/td>\n<td>14cm<\/td>\n<td>14cm<\/td>\n<\/tr>\n<\/tbody>\n<\/table>\n","protected":false},"featured_media":3447,"template":"","meta":[],"product_brand":[],"product_cat":[57],"product_tag":[],"class_list":{"0":"post-3446","1":"product","2":"type-product","3":"status-publish","4":"has-post-thumbnail","6":"product_cat-maulkoerbe","8":"first","9":"instock","10":"taxable","11":"shipping-taxable","12":"purchasable","13":"product-type-simple"},"_links":{"self":[{"href":"https:\/\/klartext-staging.at\/cordolina\/wp-json\/wp\/v2\/product\/3446","targetHints":{"allow":["GET"]}}],"collection":[{"href":"https:\/\/klartext-staging.at\/cordolina\/wp-json\/wp\/v2\/product"}],"about":[{"href":"https:\/\/klartext-staging.at\/cordolina\/wp-json\/wp\/v2\/types\/product"}],"wp:featuredmedia":[{"embeddable":true,"href":"https:\/\/klartext-staging.at\/cordolina\/wp-json\/wp\/v2\/media\/3447"}],"wp:attachment":[{"href":"https:\/\/klartext-staging.at\/cordolina\/wp-json\/wp\/v2\/media?parent=3446"}],"wp:term":[{"taxonomy":"product_brand","embeddable":true,"href":"https:\/\/klartext-staging.at\/cordolina\/wp-json\/wp\/v2\/product_brand?post=3446"},{"taxonomy":"product_cat","embeddable":true,"href":"https:\/\/klartext-staging.at\/cordolina\/wp-json\/wp\/v2\/product_cat?post=3446"},{"taxonomy":"product_tag","embeddable":true,"href":"https:\/\/klartext-staging.at\/cordolina\/wp-json\/wp\/v2\/product_tag?post=3446"}],"curies":[{"name":"wp","href":"https:\/\/api.w.org\/{rel}","templated":true}]}}