{"id":3490,"date":"2024-05-31T10:05:11","date_gmt":"2024-05-31T08:05:11","guid":{"rendered":"https:\/\/klartext-staging.at\/cordolina\/?post_type=product&#038;p=3490"},"modified":"2024-08-13T15:37:44","modified_gmt":"2024-08-13T13:37:44","slug":"chopo-maulkoerbe-klein","status":"publish","type":"product","link":"https:\/\/klartext-staging.at\/cordolina\/produkt\/chopo-maulkoerbe-klein\/","title":{"rendered":"CHOPO Maulk\u00f6rbe klein"},"content":{"rendered":"<p>Die Drahtmaulk\u00f6rbe von Chopo bieten einen hohen Tragekomfort und sind sehr robust.<\/p>\n","protected":false},"excerpt":{"rendered":"<p>Weitere Informationen:<\/p>\n<p>Die Rassebezeichnungen der Maulk\u00f6rbe sollten nur als grobe Richtung dienen. Es handelt sich um Original CHOPO Maulk\u00f6rbe in silber, verzinkt. Die Farbe der Nasenpolster variiert (Restbest\u00e4nde sind wei\u00df unterlegt). Bitte lasse Deinen Hund aus Sicherheitsgr\u00fcnden niemals unbeaufsichtigt einen Maulkorb tragen! \u00dcberpr\u00fcfe den Korb regelm\u00e4\u00dfig auf Besch\u00e4digungen.<\/p>\n<p>Lieferzeit 2 Wochen<\/p>\n<p>Gr\u00f6\u00dfenfindung:<\/p>\n<table style=\"height: 235px;\" width=\"456\">\n<tbody>\n<tr>\n<td>Modell<\/td>\n<td>l\u00e4nge<\/td>\n<td>breite<\/td>\n<td>Innenumfang<\/td>\n<\/tr>\n<tr>\n<td>Spitz<\/td>\n<td>5cm<\/td>\n<td>20cm<\/td>\n<td>6,5cm<\/td>\n<\/tr>\n<tr>\n<td>Am. Cocker H\u00fcndin<\/td>\n<td>5,2cm<\/td>\n<td>23cm<\/td>\n<td>6,8cm<\/td>\n<\/tr>\n<tr>\n<td>Am. Cocker R\u00fcder<\/td>\n<td>5,5cm<\/td>\n<td>24cm<\/td>\n<td>7cm<\/td>\n<\/tr>\n<tr>\n<td>Zwergschnauzer H\u00fcndin<\/td>\n<td>6cm<\/td>\n<td>24,5cm<\/td>\n<td>7,2cm<\/td>\n<\/tr>\n<tr>\n<td>Zwergschnauzer R\u00fcde<\/td>\n<td>6cm<\/td>\n<td>26,5cm<\/td>\n<td>8cm<\/td>\n<\/tr>\n<tr>\n<td>Pudel H\u00fcndin<\/td>\n<td>7cm<\/td>\n<td>23cm<\/td>\n<td>7cm<\/td>\n<\/tr>\n<tr>\n<td>Pudel R\u00fcde<\/td>\n<td>9cm<\/td>\n<td>27cm<\/td>\n<td>7,5cm<\/td>\n<\/tr>\n<tr>\n<td>Foxterrier H\u00fcndin<\/td>\n<td>7,5cm<\/td>\n<td>28cm<\/td>\n<td>8,5<\/td>\n<\/tr>\n<tr>\n<td>Foxterrier R\u00fcde<\/td>\n<td>9,3cm<\/td>\n<td>34cm<\/td>\n<td>10cm<\/td>\n<\/tr>\n<\/tbody>\n<\/table>\n<p>&nbsp;<\/p>\n","protected":false},"featured_media":3494,"template":"","meta":[],"product_brand":[],"product_cat":[57],"product_tag":[],"class_list":{"0":"post-3490","1":"product","2":"type-product","3":"status-publish","4":"has-post-thumbnail","6":"product_cat-maulkoerbe","8":"first","9":"instock","10":"taxable","11":"shipping-taxable","12":"purchasable","13":"product-type-simple"},"_links":{"self":[{"href":"https:\/\/klartext-staging.at\/cordolina\/wp-json\/wp\/v2\/product\/3490","targetHints":{"allow":["GET"]}}],"collection":[{"href":"https:\/\/klartext-staging.at\/cordolina\/wp-json\/wp\/v2\/product"}],"about":[{"href":"https:\/\/klartext-staging.at\/cordolina\/wp-json\/wp\/v2\/types\/product"}],"wp:featuredmedia":[{"embeddable":true,"href":"https:\/\/klartext-staging.at\/cordolina\/wp-json\/wp\/v2\/media\/3494"}],"wp:attachment":[{"href":"https:\/\/klartext-staging.at\/cordolina\/wp-json\/wp\/v2\/media?parent=3490"}],"wp:term":[{"taxonomy":"product_brand","embeddable":true,"href":"https:\/\/klartext-staging.at\/cordolina\/wp-json\/wp\/v2\/product_brand?post=3490"},{"taxonomy":"product_cat","embeddable":true,"href":"https:\/\/klartext-staging.at\/cordolina\/wp-json\/wp\/v2\/product_cat?post=3490"},{"taxonomy":"product_tag","embeddable":true,"href":"https:\/\/klartext-staging.at\/cordolina\/wp-json\/wp\/v2\/product_tag?post=3490"}],"curies":[{"name":"wp","href":"https:\/\/api.w.org\/{rel}","templated":true}]}}